{"id":1763,"date":"2021-10-09T16:14:39","date_gmt":"2021-10-09T14:14:39","guid":{"rendered":"https:\/\/csc-briare.fr\/?page_id=1763"},"modified":"2021-10-09T16:30:18","modified_gmt":"2021-10-09T14:30:18","slug":"bienvenu-e-au-csc-briare","status":"publish","type":"page","link":"https:\/\/csc-briare.fr\/?page_id=1763","title":{"rendered":"Bienvenu.e, au CSC Briare"},"content":{"rendered":"\n\n\n<div class=\"wp-block-columns is-layout-flex wp-container-core-columns-is-layout-9d6595d7 wp-block-columns-is-layout-flex\">\n<div class=\"wp-block-column is-layout-flow wp-block-column-is-layout-flow\" style=\"flex-basis:66.66%\">\n<h2 class=\"wp-block-heading\"><span style=\"color:#000\" class=\"tadv-color\"><span style=\"background-color:#fff\" class=\"tadv-background-color\"><strong>Les \u00e9v\u00e9nements \u00e0 venir<\/strong><\/span><\/span><\/h2>\n\n\n\n<div class='white' style='background:rgba(0,0,0,0); border:solid 0px rgba(0,0,0,0); border-radius:0px; padding:0px 0px 0px 0px;'>\n<div id='slider_1741' class='owl-carousel sa_owl_theme owl-pagination-true autohide-arrows' data-slider-id='slider_1741' style='visibility:hidden;'>\n<div id='slider_1741_slide01' class='sa_hover_container' style='padding:5% 5%; margin:0px 0%; '><p><a href=\"http:\/\/csc-briare.fr\/wp-content\/uploads\/2021\/09\/Aff_Les-Montagnes-Russes_120x180cm_Echelle-1demi_v2_PROD-page-0011-scaled-1.jpg\"><img fetchpriority=\"high\" decoding=\"async\" class=\"alignnone size-medium wp-image-1733\" src=\"http:\/\/csc-briare.fr\/wp-content\/uploads\/2021\/09\/Aff_Les-Montagnes-Russes_120x180cm_Echelle-1demi_v2_PROD-page-0011-scaled-1-202x300.jpg\" alt=\"\" width=\"202\" height=\"300\" srcset=\"https:\/\/csc-briare.fr\/wp-content\/uploads\/2021\/09\/Aff_Les-Montagnes-Russes_120x180cm_Echelle-1demi_v2_PROD-page-0011-scaled-1-202x300.jpg 202w, https:\/\/csc-briare.fr\/wp-content\/uploads\/2021\/09\/Aff_Les-Montagnes-Russes_120x180cm_Echelle-1demi_v2_PROD-page-0011-scaled-1-688x1024.jpg 688w, https:\/\/csc-briare.fr\/wp-content\/uploads\/2021\/09\/Aff_Les-Montagnes-Russes_120x180cm_Echelle-1demi_v2_PROD-page-0011-scaled-1-768x1142.jpg 768w, https:\/\/csc-briare.fr\/wp-content\/uploads\/2021\/09\/Aff_Les-Montagnes-Russes_120x180cm_Echelle-1demi_v2_PROD-page-0011-scaled-1-1033x1536.jpg 1033w, https:\/\/csc-briare.fr\/wp-content\/uploads\/2021\/09\/Aff_Les-Montagnes-Russes_120x180cm_Echelle-1demi_v2_PROD-page-0011-scaled-1-1377x2048.jpg 1377w, https:\/\/csc-briare.fr\/wp-content\/uploads\/2021\/09\/Aff_Les-Montagnes-Russes_120x180cm_Echelle-1demi_v2_PROD-page-0011-scaled-1.jpg 1721w\" sizes=\"(max-width: 202px) 100vw, 202px\" \/><\/a><\/p><\/div>\n<\/div>\n<\/div>\n<script type='text\/javascript'>\n\tjQuery(document).ready(function() {\n\t\tjQuery('#slider_1741').owlCarousel({\n\t\t\titems : 1,\n\t\t\tsmartSpeed : 200,\n\t\t\tautoplay : true,\n\t\t\tautoplayTimeout : 5000,\n\t\t\tautoplayHoverPause : true,\n\t\t\tsmartSpeed : 200,\n\t\t\tfluidSpeed : 200,\n\t\t\tautoplaySpeed : 200,\n\t\t\tnavSpeed : 200,\n\t\t\tdotsSpeed : 200,\n\t\t\tloop : true,\n\t\t\tnav : true,\n\t\t\tnavText : ['Previous','Next'],\n\t\t\tdots : true,\n\t\t\tresponsiveRefreshRate : 200,\n\t\t\tslideBy : 1,\n\t\t\tmergeFit : true,\n\t\t\tautoHeight : false,\n\t\t\tmouseDrag : false,\n\t\t\ttouchDrag : true\n\t\t});\n\t\tjQuery('#slider_1741').css('visibility', 'visible');\n\t\tsa_resize_slider_1741();\n\t\twindow.addEventListener('resize', sa_resize_slider_1741);\n\t\tfunction sa_resize_slider_1741() {\n\t\t\tvar min_height = '50';\n\t\t\tvar win_width = jQuery(window).width();\n\t\t\tvar slider_width = jQuery('#slider_1741').width();\n\t\t\tif (win_width < 480) {\n\t\t\t\tvar slide_width = slider_width \/ 1;\n\t\t\t} else if (win_width < 768) {\n\t\t\t\tvar slide_width = slider_width \/ 1;\n\t\t\t} else if (win_width < 980) {\n\t\t\t\tvar slide_width = slider_width \/ 1;\n\t\t\t} else if (win_width < 1200) {\n\t\t\t\tvar slide_width = slider_width \/ 1;\n\t\t\t} else if (win_width < 1500) {\n\t\t\t\tvar slide_width = slider_width \/ 1;\n\t\t\t} else {\n\t\t\t\tvar slide_width = slider_width \/ 1;\n\t\t\t}\n\t\t\tslide_width = Math.round(slide_width);\n\t\t\tvar slide_height = '0';\n\t\t\tif (min_height == 'aspect43') {\n\t\t\t\tslide_height = (slide_width \/ 4) * 3;\t\t\t\tslide_height = Math.round(slide_height);\n\t\t\t} else if (min_height == 'aspect169') {\n\t\t\t\tslide_height = (slide_width \/ 16) * 9;\t\t\t\tslide_height = Math.round(slide_height);\n\t\t\t} else {\n\t\t\t\tslide_height = (slide_width \/ 100) * min_height;\t\t\t\tslide_height = Math.round(slide_height);\n\t\t\t}\n\t\t\tjQuery('#slider_1741 .owl-item .sa_hover_container').css('min-height', slide_height+'px');\n\t\t}\n\t\tvar owl_goto = jQuery('#slider_1741');\n\t\tjQuery('.slider_1741_goto1').click(function(event){\n\t\t\towl_goto.trigger('to.owl.carousel', 0);\n\t\t});\n\t\tvar resize_1741 = jQuery('.owl-carousel');\n\t\tresize_1741.on('initialized.owl.carousel', function(e) {\n\t\t\tif (typeof(Event) === 'function') {\n\t\t\t\twindow.dispatchEvent(new Event('resize'));\n\t\t\t} else {\n\t\t\t\tvar evt = window.document.createEvent('UIEvents');\n\t\t\t\tevt.initUIEvent('resize', true, false, window, 0);\n\t\t\t\twindow.dispatchEvent(evt);\n\t\t\t}\n\t\t});\n\t});\n<\/script>\n\n<\/div>\n\n\n\n<div class=\"wp-block-column is-layout-flow wp-block-column-is-layout-flow\" style=\"flex-basis:33.33%\">\n<ul class=\"xoxo\">\n<li id=\"text-2\" class=\"widget-container widget_text\" title=\"Faites Maj+clic pour modifier ce widget.\">\n<h6 class=\"widget-title\">Horaires d\u2019ouverture C.S.C<\/h6>\n<div class=\"textwidget\">\n<h6>Toute l\u2019ann\u00e9e<br \/>du lundi au dimanche<br \/>de 9 h \u00e0 12 h \/ de 13h30 \u00e0 22 h<\/h6>\n<h6>Pendant les vacances\u00a0de No\u00ebl,<br \/>de\u00a0P\u00e2ques, Juillet-Ao\u00fbt<br \/>du lundi au vendredi<br \/>de 10 h \u00e0 12 h \/ de 13 h 30 \u00e0 18 h<\/h6>\n<\/div>\n<\/li>\n<\/ul>\n\n\n<form role=\"search\" method=\"get\" action=\"https:\/\/csc-briare.fr\/\" class=\"wp-block-search__button-outside wp-block-search__icon-button wp-block-search\"    ><label class=\"wp-block-search__label\" for=\"wp-block-search__input-2\" >Rechercher<\/label><div class=\"wp-block-search__inside-wrapper\"  style=\"width: 220px\"><input class=\"wp-block-search__input\" id=\"wp-block-search__input-2\" placeholder=\"\" value=\"\" type=\"search\" name=\"s\" required \/><button aria-label=\"Rechercher\" class=\"wp-block-search__button has-icon wp-element-button\" type=\"submit\" ><svg class=\"search-icon\" viewBox=\"0 0 24 24\" width=\"24\" height=\"24\">\n\t\t\t\t\t<path d=\"M13 5c-3.3 0-6 2.7-6 6 0 1.4.5 2.7 1.3 3.7l-3.8 3.8 1.1 1.1 3.8-3.8c1 .8 2.3 1.3 3.7 1.3 3.3 0 6-2.7 6-6S16.3 5 13 5zm0 10.5c-2.5 0-4.5-2-4.5-4.5s2-4.5 4.5-4.5 4.5 2 4.5 4.5-2 4.5-4.5 4.5z\"><\/path>\n\t\t\t\t<\/svg><\/button><\/div><\/form><\/div>\n<\/div>\n\n\n\n<div class=\"wp-block-columns is-layout-flex wp-container-core-columns-is-layout-9d6595d7 wp-block-columns-is-layout-flex\">\n<div class=\"wp-block-column is-layout-flow wp-block-column-is-layout-flow\" style=\"flex-basis:66.66%\">\n<h2 class=\"wp-block-heading\"><strong>La vie des sections<\/strong><\/h2>\n\n\n\n<div class='white' style='background:rgba(0,0,0,0); border:solid 0px rgba(0,0,0,0); border-radius:0px; padding:0px 0px 0px 0px;'>\n<div id='slider_1767' class='owl-carousel sa_owl_theme owl-pagination-true autohide-arrows' data-slider-id='slider_1767' style='visibility:hidden;'>\n<div id='slider_1767_slide01' class='sa_hover_container' style='padding:5% 5%; margin:0px 0%; '><p><a href=\"http:\/\/csc-briare.fr\/wp-content\/uploads\/2015\/10\/CscOenologie.jpg\"><img decoding=\"async\" class=\"alignnone size-full wp-image-1199\" src=\"http:\/\/csc-briare.fr\/wp-content\/uploads\/2015\/10\/CscOenologie.jpg\" alt=\"\" width=\"262\" height=\"269\" \/><\/a><\/p>\r\n<p>Assembl\u00e9e\u00a0 g\u00e9n\u00e9rale le 09 octobre 2021<\/p><\/div>\n<div id='slider_1767_slide02' class='sa_hover_container' style='padding:5% 5%; margin:0px 0%; '><div class='sa_hover_buttons' style='top:50%; left:50%; margin-top:-20px; margin-left:-20px;'><a class='sa_slide_link_icon' href='https:\/\/csc-briare.fr\/?p=1746' target='_self' title='' aria-label=''><\/a><\/div>\n<p><a href=\"http:\/\/csc-briare.fr\/wp-content\/uploads\/2021\/10\/Village-de-troo.jpg\"><img decoding=\"async\" class=\"alignnone size-medium wp-image-1748\" src=\"http:\/\/csc-briare.fr\/wp-content\/uploads\/2021\/10\/Village-de-troo-300x248.jpg\" alt=\"\" width=\"300\" height=\"248\" srcset=\"https:\/\/csc-briare.fr\/wp-content\/uploads\/2021\/10\/Village-de-troo-300x248.jpg 300w, https:\/\/csc-briare.fr\/wp-content\/uploads\/2021\/10\/Village-de-troo.jpg 582w\" sizes=\"(max-width: 300px) 100vw, 300px\" \/><\/a><\/p>\r\n<h2 class=\"elementor-heading-title elementor-size-default\">Sortie annuelle du CSC RANDO BRIARE<\/h2><\/div>\n<div id='slider_1767_slide03' class='sa_hover_container' style='padding:5% 5%; margin:0px 0%; '><div class='sa_hover_buttons' style='top:50%; left:50%; margin-top:-20px; margin-left:-20px;'><a class='sa_slide_link_icon' href='https:\/\/csc-briare.fr\/?p=1710' target='_self' title='' aria-label=''><\/a><\/div>\n<p><a href=\"http:\/\/csc-briare.fr\/wp-content\/uploads\/2021\/09\/Aff-Hand.jpg\"><img loading=\"lazy\" decoding=\"async\" class=\"alignnone size-medium wp-image-1712\" src=\"http:\/\/csc-briare.fr\/wp-content\/uploads\/2021\/09\/Aff-Hand-300x251.jpg\" alt=\"\" width=\"300\" height=\"251\" srcset=\"https:\/\/csc-briare.fr\/wp-content\/uploads\/2021\/09\/Aff-Hand-300x251.jpg 300w, https:\/\/csc-briare.fr\/wp-content\/uploads\/2021\/09\/Aff-Hand-1024x858.jpg 1024w, https:\/\/csc-briare.fr\/wp-content\/uploads\/2021\/09\/Aff-Hand-768x644.jpg 768w, https:\/\/csc-briare.fr\/wp-content\/uploads\/2021\/09\/Aff-Hand.jpg 1261w\" sizes=\"(max-width: 300px) 100vw, 300px\" \/><\/a><\/p>\r\n<h1 class=\"entry-title\">Reprise des activit\u00e9s<\/h1><\/div>\n<div id='slider_1767_slide04' class='sa_hover_container' style='padding:5% 5%; margin:0px 0%; '><div class='sa_hover_buttons' style='top:50%; left:50%; margin-top:-20px; margin-left:-20px;'><a class='sa_slide_link_icon' href='https:\/\/csc-briare.fr\/?p=1698' target='_self' title='' aria-label=''><\/a><\/div>\n<p><a href=\"http:\/\/csc-briare.fr\/wp-content\/uploads\/2021\/08\/image_2021-08-23_180656.png\"><img loading=\"lazy\" decoding=\"async\" class=\"alignnone size-medium wp-image-1699\" src=\"http:\/\/csc-briare.fr\/wp-content\/uploads\/2021\/08\/image_2021-08-23_180656-212x300.png\" alt=\"Affiche expo Philat\u00e9lie\" width=\"212\" height=\"300\" srcset=\"https:\/\/csc-briare.fr\/wp-content\/uploads\/2021\/08\/image_2021-08-23_180656-212x300.png 212w, https:\/\/csc-briare.fr\/wp-content\/uploads\/2021\/08\/image_2021-08-23_180656-724x1024.png 724w, https:\/\/csc-briare.fr\/wp-content\/uploads\/2021\/08\/image_2021-08-23_180656-768x1086.png 768w, https:\/\/csc-briare.fr\/wp-content\/uploads\/2021\/08\/image_2021-08-23_180656-1086x1536.png 1086w, https:\/\/csc-briare.fr\/wp-content\/uploads\/2021\/08\/image_2021-08-23_180656-1448x2048.png 1448w, https:\/\/csc-briare.fr\/wp-content\/uploads\/2021\/08\/image_2021-08-23_180656.png 1587w\" sizes=\"(max-width: 212px) 100vw, 212px\" \/><\/a><\/p>\r\n<h1 class=\"entry-title\">Exposition Philat\u00e9lique : 150 ans de la philat\u00e9lie fran\u00e7aise<\/h1><\/div>\n<div id='slider_1767_slide05' class='sa_hover_container' style='padding:5% 5%; margin:0px 0%; '><\/div>\n<\/div>\n<\/div>\n<script type='text\/javascript'>\n\tjQuery(document).ready(function() {\n\t\tjQuery('#slider_1767').owlCarousel({\n\t\t\titems : 1,\n\t\t\tsmartSpeed : 200,\n\t\t\tautoplay : true,\n\t\t\tautoplayTimeout : 5000,\n\t\t\tautoplayHoverPause : true,\n\t\t\tsmartSpeed : 200,\n\t\t\tfluidSpeed : 200,\n\t\t\tautoplaySpeed : 200,\n\t\t\tnavSpeed : 200,\n\t\t\tdotsSpeed : 200,\n\t\t\tloop : true,\n\t\t\tnav : true,\n\t\t\tnavText : ['Previous','Next'],\n\t\t\tdots : true,\n\t\t\tresponsiveRefreshRate : 200,\n\t\t\tslideBy : 1,\n\t\t\tmergeFit : true,\n\t\t\tautoHeight : false,\n\t\t\tmouseDrag : false,\n\t\t\ttouchDrag : true\n\t\t});\n\t\tjQuery('#slider_1767').css('visibility', 'visible');\n\t\tsa_resize_slider_1767();\n\t\twindow.addEventListener('resize', sa_resize_slider_1767);\n\t\tfunction sa_resize_slider_1767() {\n\t\t\tvar min_height = '50';\n\t\t\tvar win_width = jQuery(window).width();\n\t\t\tvar slider_width = jQuery('#slider_1767').width();\n\t\t\tif (win_width < 480) {\n\t\t\t\tvar slide_width = slider_width \/ 1;\n\t\t\t} else if (win_width < 768) {\n\t\t\t\tvar slide_width = slider_width \/ 1;\n\t\t\t} else if (win_width < 980) {\n\t\t\t\tvar slide_width = slider_width \/ 1;\n\t\t\t} else if (win_width < 1200) {\n\t\t\t\tvar slide_width = slider_width \/ 1;\n\t\t\t} else if (win_width < 1500) {\n\t\t\t\tvar slide_width = slider_width \/ 1;\n\t\t\t} else {\n\t\t\t\tvar slide_width = slider_width \/ 1;\n\t\t\t}\n\t\t\tslide_width = Math.round(slide_width);\n\t\t\tvar slide_height = '0';\n\t\t\tif (min_height == 'aspect43') {\n\t\t\t\tslide_height = (slide_width \/ 4) * 3;\t\t\t\tslide_height = Math.round(slide_height);\n\t\t\t} else if (min_height == 'aspect169') {\n\t\t\t\tslide_height = (slide_width \/ 16) * 9;\t\t\t\tslide_height = Math.round(slide_height);\n\t\t\t} else {\n\t\t\t\tslide_height = (slide_width \/ 100) * min_height;\t\t\t\tslide_height = Math.round(slide_height);\n\t\t\t}\n\t\t\tjQuery('#slider_1767 .owl-item .sa_hover_container').css('min-height', slide_height+'px');\n\t\t}\n\t\tvar owl_goto = jQuery('#slider_1767');\n\t\tjQuery('.slider_1767_goto1').click(function(event){\n\t\t\towl_goto.trigger('to.owl.carousel', 0);\n\t\t});\n\t\tjQuery('.slider_1767_goto2').click(function(event){\n\t\t\towl_goto.trigger('to.owl.carousel', 1);\n\t\t});\n\t\tjQuery('.slider_1767_goto3').click(function(event){\n\t\t\towl_goto.trigger('to.owl.carousel', 2);\n\t\t});\n\t\tjQuery('.slider_1767_goto4').click(function(event){\n\t\t\towl_goto.trigger('to.owl.carousel', 3);\n\t\t});\n\t\tjQuery('.slider_1767_goto5').click(function(event){\n\t\t\towl_goto.trigger('to.owl.carousel', 4);\n\t\t});\n\t\tvar resize_1767 = jQuery('.owl-carousel');\n\t\tresize_1767.on('initialized.owl.carousel', function(e) {\n\t\t\tif (typeof(Event) === 'function') {\n\t\t\t\twindow.dispatchEvent(new Event('resize'));\n\t\t\t} else {\n\t\t\t\tvar evt = window.document.createEvent('UIEvents');\n\t\t\t\tevt.initUIEvent('resize', true, false, window, 0);\n\t\t\t\twindow.dispatchEvent(evt);\n\t\t\t}\n\t\t});\n\t});\n<\/script>\n\n<\/div>\n\n\n\n<div class=\"wp-block-column is-layout-flow wp-block-column-is-layout-flow\" style=\"flex-basis:33.33%\"><\/div>\n<\/div>\n\n\n","protected":false},"excerpt":{"rendered":"<p>Les \u00e9v\u00e9nements \u00e0 venir Horaires d\u2019ouverture C.S.C Toute l\u2019ann\u00e9edu lundi au dimanchede 9 h \u00e0 12 h \/ de 13h30 \u00e0 22 h Pendant les vacances\u00a0de No\u00ebl,de\u00a0P\u00e2ques, Juillet-Ao\u00fbtdu lundi au vendredide 10 h \u00e0 12 h \/ de 13 h &hellip; <a href=\"https:\/\/csc-briare.fr\/?page_id=1763\">Continuer la lecture <span class=\"meta-nav\">&rarr;<\/span><\/a><\/p>\n","protected":false},"author":1,"featured_media":0,"parent":0,"menu_order":0,"comment_status":"closed","ping_status":"closed","template":"elementor_header_footer","meta":{"_EventAllDay":false,"_EventTimezone":"","_EventStartDate":"","_EventEndDate":"","_EventStartDateUTC":"","_EventEndDateUTC":"","_EventShowMap":false,"_EventShowMapLink":false,"_EventURL":"","_EventCost":"","_EventCostDescription":"","_EventCurrencySymbol":"","_EventCurrencyCode":"","_EventCurrencyPosition":"","_EventDateTimeSeparator":"","_EventTimeRangeSeparator":"","_EventOrganizerID":[],"_EventVenueID":[],"_OrganizerEmail":"","_OrganizerPhone":"","_OrganizerWebsite":"","_VenueAddress":"","_VenueCity":"","_VenueCountry":"","_VenueProvince":"","_VenueState":"","_VenueZip":"","_VenuePhone":"","_VenueURL":"","_VenueStateProvince":"","_VenueLat":"","_VenueLng":"","_VenueShowMap":false,"_VenueShowMapLink":false,"footnotes":""},"class_list":["post-1763","page","type-page","status-publish","hentry"],"_links":{"self":[{"href":"https:\/\/csc-briare.fr\/index.php?rest_route=\/wp\/v2\/pages\/1763","targetHints":{"allow":["GET"]}}],"collection":[{"href":"https:\/\/csc-briare.fr\/index.php?rest_route=\/wp\/v2\/pages"}],"about":[{"href":"https:\/\/csc-briare.fr\/index.php?rest_route=\/wp\/v2\/types\/page"}],"author":[{"embeddable":true,"href":"https:\/\/csc-briare.fr\/index.php?rest_route=\/wp\/v2\/users\/1"}],"replies":[{"embeddable":true,"href":"https:\/\/csc-briare.fr\/index.php?rest_route=%2Fwp%2Fv2%2Fcomments&post=1763"}],"version-history":[{"count":13,"href":"https:\/\/csc-briare.fr\/index.php?rest_route=\/wp\/v2\/pages\/1763\/revisions"}],"predecessor-version":[{"id":1784,"href":"https:\/\/csc-briare.fr\/index.php?rest_route=\/wp\/v2\/pages\/1763\/revisions\/1784"}],"wp:attachment":[{"href":"https:\/\/csc-briare.fr\/index.php?rest_route=%2Fwp%2Fv2%2Fmedia&parent=1763"}],"curies":[{"name":"wp","href":"https:\/\/api.w.org\/{rel}","templated":true}]}}